he greatest common divisor of 649502 and 17?
17
Calculate the greatest common divisor of 475 and 257678.
19
What is the greatest common divisor of 1454 and 8?
2
What is the greatest common factor of 219058 and 140?
14
Calculate the greatest common divisor of 3702 and 18.
6
Calculate the greatest common factor of 378 and 31626.
126
Calculate the greatest common factor of 28 and 2126642.
14
Calculate the highest common divisor of 6 and 77872.
2
What is the highest common divisor of 2445550 and 25?
25
Calculate the highest common factor of 52574 and 542.
542
Calculate the highest common divisor of 13944 and 1176.
168
What is the greatest common factor of 1866 and 21?
3
Calculate the highest common divisor of 1870 and 5896.
22
What is the highest common factor of 27 and 89937?
27
Calculate the greatest common factor of 202465 and 15.
5
What is the greatest common divisor of 29224 and 20176?
104
What is the highest common divisor of 7676 and 11476?
76
Calculate the greatest common factor of 32 and 357408.
32
What is the greatest common factor of 1740502 and 23?
23
What is the greatest common factor of 25 and 2364025?
25
Calculate the highest common factor of 84 and 24636.
12
Calculate the highest common divisor of 8 and 209318.
2
What is the greatest common divisor of 9 and 1859229?
9
Calculate the greatest common factor of 448827 and 267.
267
What is the highest common divisor of 3012 and 8964?
12
Calculate the highest common divisor of 336 and 26160.
48
What is the highest common factor of 6 and 15028?
2
Calculate the highest common factor of 99468 and 9.
9
Calculate the greatest common factor of 1164966 and 2508.
1254
Calculate the greatest common factor of 224 and 6020.
28
Calculate the greatest common divisor of 9524 and 12.
4
What is the highest common divisor of 6480 and 35790?
30
Calculate the greatest common divisor of 485118 and 72.
18
What is the highest common divisor of 27668 and 4?
4
What is the greatest common factor of 11 and 104137?
11
Calculate the greatest common factor of 1994 and 2.
2
What is the highest common factor of 1098 and 11784834?
1098
Calculate the highest common divisor of 1900 and 1390.
10
Calculate the highest common factor of 50 and 94270.
10
Calculate the greatest common divisor of 4645 and 15.
5
What is the greatest common factor of 23775 and 75?
75
Calculate the highest common factor of 1444 and 2045787.
361
Calculate the greatest common divisor of 24 and 7572.
12
What is the highest common factor of 345 and 495144?
69
What is the greatest common divisor of 117 and 689637?
39
Calculate the greatest common divisor of 1620048 and 16.
16
Calculate the greatest common divisor of 6925 and 14681.
277
What is the greatest common factor of 1490 and 460?
10
What is the greatest common divisor of 178623 and 18957?
267
What is the greatest common factor of 1437174 and 54?
18
Calculate the greatest common factor of 4841 and 29.
1
Calculate the greatest common divisor of 105 and 110355.
105
What is the greatest common factor of 24 and 3163464?
24
Calculate the highest common divisor of 5580 and 65900.
20
Calculate the highest common factor of 150 and 52550.
50
Calculate the highest common divisor of 36 and 403551.
9
Calculate the greatest common divisor of 347 and 2532059.
347
What is the highest common divisor of 16777 and 741?
19
What is the highest common factor of 675 and 8640?
135
Calculate the highest common factor of 504595 and 455.
455
What is the greatest common factor of 307 and 1593637?
307
Calculate the highest common divisor of 896601 and 159.
159
What is the greatest common factor of 58 and 3053120?
58
What is the greatest common factor of 180302 and 34?
34
Calculate the highest common divisor of 6723 and 83.
83
What is the greatest common divisor of 133627 and 38?
19
What is the highest common factor of 186 and 6013659?
93
What is the highest common factor of 37184 and 108864?
448
What is the greatest common divisor of 100 and 59720?
20
What is the greatest common factor of 32 and 7048?
8
Calculate the highest common factor of 790 and 1690.
10
Calculate the greatest common factor of 1001806 and 4134.
1378
Calculate the highest common divisor of 1147 and 563177.
1147
What is the greatest common factor of 31680 and 550?
110
What is the greatest common divisor of 8 and 2079928?
8
What is the highest common divisor of 42 and 84868?
14
Calculate the greatest common divisor of 385019 and 5173.
739
What is the highest common factor of 160 and 90560?
160
What is the greatest common factor of 3488 and 480?
32
Calculate the greatest common factor of 16377 and 5088.
159
Calculate the highest common factor of 14 and 37058.
14
What is the highest common factor of 353 and 90721?
353
Calculate the greatest common divisor of 2420 and 340.
20
What is the greatest common divisor of 1220 and 1660?
20
What is the greatest common factor of 3897 and 99?
9
What is the greatest common divisor of 35 and 12005?
35
Calculate the highest common factor of 930365 and 470.
235
Calculate the greatest common factor of 471 and 99381.
471
Calculate the greatest common factor of 11823 and 777.
21
Calculate the greatest common factor of 684 and 1007.
19
What is the greatest common divisor of 49777 and 273?
91
Calculate the highest common factor of 15984 and 71817.
111
What is the highest common factor of 322656 and 8?
8
What is the highest common factor of 6695 and 2573558?
1339
Calculate the highest common divisor of 26 and 27443.
13
What is the greatest common factor of 432 and 2565648?
432
Calculate the greatest common factor of 146 and 52487.
73
What is the greatest common factor of 492107 and 7?
7
What is the highest common divisor of 86 and 95159?
43
Calculate the greatest common divisor of 963248 and 1232.
176
What is the greatest common factor of 2331 and 25038?
9
Calculate the greatest common factor of 714 and 5550398.
238
Calculate the highest common factor of 15 and 20950.
5
Calculate the greatest common factor of 777 and 132978.
111
Calculate the greatest common factor of 18721506 and 534.
534
What is the greatest common divisor of 1799 and 32639?
257
What is the greatest common divisor of 672 and 16532?
4
What is the greatest common divisor of 33 and 16621?
11
What is the highest common divisor of 4773 and 16?
1
What is the greatest common divisor of 121118 and 23?
23
Calculate the highest common factor of 972 and 592191.
243
What is the highest common factor of 2870 and 2081570?
410
What is the greatest common divisor of 8918 and 238?
14
What is the highest common divisor of 10625 and 136?
17
Calculate the highest common factor of 20167 and 603.
67
What is the highest common divisor of 140 and 853615?
35
What is the greatest common divisor of 32100 and 4668?
12
What is the greatest common factor of 1406 and 146946?
38
Calculate the highest common divisor of 16240 and 100660.
140
What is the greatest common divisor of 2538 and 1410?
282
What is the highest common factor of 524 and 1240177?
131
Calculate the greatest common divisor of 60895 and 260.
5
Calculate the greatest common factor of 1725 and 6095.
115
Calculate the greatest common divisor of 2895378 and 414.
138
Calculate the highest common factor of 45 and 3840.
15
What is the greatest common divisor of 2596 and 7040?
44
Calculate the greatest common factor of 200 and 29368.
8
Calculate the highest common divisor of 7348032 and 8.
8
What is the highest common factor of 6126 and 9?
3
What is the greatest common divisor of 39789 and 9?
9
Calculate the highest common factor of 460 and 12565130.
230
Calculate the greatest common factor of 82 and 128781.
41
What is the greatest common divisor of 6956 and 103588?
188
What is the greatest common divisor of 1394 and 3239?
41
Calculate the highest common factor of 10430 and 54040.
70
Calculate the greatest common divisor of 206195 and 891.
11
What is the highest common divisor of 12760 and 609?
29
What is the greatest common factor of 3712 and 3045?
29
Calculate the greatest common factor of 675 and 3475.
25
Calculate the highest common divisor of 1029838 and 82.
82
Calculate the highest common divisor of 27451 and 1132.
283
What is the greatest common factor of 5418 and 33669?
387
What is the highest common divisor of 1465542 a